{"id":48,"date":"2023-05-13T11:53:30","date_gmt":"2023-05-13T16:53:30","guid":{"rendered":"https:\/\/www.lms.uni.edu.pe\/?page_id=48"},"modified":"2026-03-20T17:17:54","modified_gmt":"2026-03-20T22:17:54","slug":"inicio","status":"publish","type":"page","link":"https:\/\/www.lms.uni.edu.pe\/","title":{"rendered":"INICIO"},"content":{"rendered":"<h3 class=\"has-text-align-center\" style=\"text-align: center;\"><span style=\"color: #19abd4;\"><strong>Bienvenidos\u00a0<\/strong><\/span><\/h3>\n<p style=\"text-align: justify;\">El personal del Laboratorio N\u00b02 de Mec\u00e1nica de Suelos de la Facultad de ingenier\u00eda Civil de la UNI les brinda una cordial bienvenida, somos una organizaci\u00f3n de amplia experiencia en la ingenier\u00eda geot\u00e9cnica que nos permite brindarle servicios altamente confiables. Nuestra principal oferta es la ejecuci\u00f3n de ensayos de laboratorio, trabajos de exploraci\u00f3n de campo, elaboraci\u00f3n de estudios geot\u00e9cnicos y asesor\u00eda en general. Las actividades acad\u00e9micas que desarrollamos est\u00e1n acordes al prestigio de nuestra Instituci\u00f3n y con los est\u00e1ndares de calidad que han permitido a nuestra Facultad lograr la acreditaci\u00f3n internacional.<\/p>\n\n\n<figure class=\"wp-block-image size-large\"><img data-opt-id=769019620  fetchpriority=\"high\" decoding=\"async\" width=\"1024\" height=\"754\" src=\"https:\/\/ml3bi8dxcuz9.i.optimole.com\/w:1024\/h:754\/q:mauto\/ig:avif\/https:\/\/www.lms.uni.edu.pe\/wp-content\/uploads\/2026\/03\/PERFIL-FB.jpeg\" alt=\"\" class=\"wp-image-359\" srcset=\"https:\/\/ml3bi8dxcuz9.i.optimole.com\/w:1024\/h:754\/q:mauto\/ig:avif\/https:\/\/www.lms.uni.edu.pe\/wp-content\/uploads\/2026\/03\/PERFIL-FB.jpeg 1024w, https:\/\/ml3bi8dxcuz9.i.optimole.com\/w:300\/h:221\/q:mauto\/ig:avif\/https:\/\/www.lms.uni.edu.pe\/wp-content\/uploads\/2026\/03\/PERFIL-FB.jpeg 300w, https:\/\/ml3bi8dxcuz9.i.optimole.com\/w:768\/h:565\/q:mauto\/ig:avif\/https:\/\/www.lms.uni.edu.pe\/wp-content\/uploads\/2026\/03\/PERFIL-FB.jpeg 768w, https:\/\/ml3bi8dxcuz9.i.optimole.com\/w:640\/h:471\/q:mauto\/ig:avif\/https:\/\/www.lms.uni.edu.pe\/wp-content\/uploads\/2026\/03\/PERFIL-FB.jpeg 640w, https:\/\/ml3bi8dxcuz9.i.optimole.com\/w:1046\/h:770\/q:mauto\/ig:avif\/https:\/\/www.lms.uni.edu.pe\/wp-content\/uploads\/2026\/03\/PERFIL-FB.jpeg 1046w\" sizes=\"(max-width: 760px) 100vw, 760px\" \/><\/figure>\n","protected":false},"excerpt":{"rendered":"<p>Bienvenidos\u00a0 El personal del Laboratorio N\u00b02 de Mec\u00e1nica de Suelos de la Facultad de ingenier\u00eda Civil de la UNI les brinda una cordial bienvenida, somos una organizaci\u00f3n de amplia experiencia en la ingenier\u00eda geot\u00e9cnica que nos permite brindarle servicios altamente confiables. Nuestra principal oferta&#8230;<\/p>\n","protected":false},"author":1,"featured_media":0,"parent":0,"menu_order":0,"comment_status":"closed","ping_status":"closed","template":"","meta":{"footnotes":""},"class_list":["post-48","page","type-page","status-publish","hentry"],"_links":{"self":[{"href":"https:\/\/www.lms.uni.edu.pe\/index.php\/wp-json\/wp\/v2\/pages\/48","targetHints":{"allow":["GET"]}}],"collection":[{"href":"https:\/\/www.lms.uni.edu.pe\/index.php\/wp-json\/wp\/v2\/pages"}],"about":[{"href":"https:\/\/www.lms.uni.edu.pe\/index.php\/wp-json\/wp\/v2\/types\/page"}],"author":[{"embeddable":true,"href":"https:\/\/www.lms.uni.edu.pe\/index.php\/wp-json\/wp\/v2\/users\/1"}],"replies":[{"embeddable":true,"href":"https:\/\/www.lms.uni.edu.pe\/index.php\/wp-json\/wp\/v2\/comments?post=48"}],"version-history":[{"count":22,"href":"https:\/\/www.lms.uni.edu.pe\/index.php\/wp-json\/wp\/v2\/pages\/48\/revisions"}],"predecessor-version":[{"id":360,"href":"https:\/\/www.lms.uni.edu.pe\/index.php\/wp-json\/wp\/v2\/pages\/48\/revisions\/360"}],"wp:attachment":[{"href":"https:\/\/www.lms.uni.edu.pe\/index.php\/wp-json\/wp\/v2\/media?parent=48"}],"curies":[{"name":"wp","href":"https:\/\/api.w.org\/{rel}","templated":true}]}}